{"id":1057,"date":"2020-10-19T09:43:33","date_gmt":"2020-10-19T08:43:33","guid":{"rendered":"http:\/\/webisis.es\/isis\/?page_id=1057"},"modified":"2020-10-27T10:23:54","modified_gmt":"2020-10-27T09:23:54","slug":"seguridad-informatica","status":"publish","type":"page","link":"https:\/\/webisis.es\/isis\/redes\/servicios\/seguridad-informatica\/","title":{"rendered":"Seguridad Inform\u00e1tica"},"content":{"rendered":"\t\t<div data-elementor-type=\"wp-page\" data-elementor-id=\"1057\" class=\"elementor elementor-1057\" data-elementor-settings=\"[]\">\n\t\t\t\t\t\t<div class=\"elementor-inner\">\n\t\t\t\t\t\t\t<div class=\"elementor-section-wrap\">\n\t\t\t\t\t\t\t<section class=\"elementor-section elementor-top-section elementor-element elementor-element-4207f57 elementor-section-height-min-height elementor-section-boxed elementor-section-height-default elementor-section-items-middle\" data-id=\"4207f57\" data-element_type=\"section\" data-settings=\"{&quot;background_background&quot;:&quot;gradient&quot;,&quot;shape_divider_bottom&quot;:&quot;waves&quot;}\">\n\t\t\t\t\t\t\t<div class=\"elementor-background-overlay\"><\/div>\n\t\t\t\t\t\t<div class=\"elementor-shape elementor-shape-bottom\" data-negative=\"false\">\n\t\t\t<svg xmlns=\"http:\/\/www.w3.org\/2000\/svg\" viewBox=\"0 0 1000 100\" preserveAspectRatio=\"none\">\n\t<path class=\"elementor-shape-fill\" d=\"M421.9,6.5c22.6-2.5,51.5,0.4,75.5,5.3c23.6,4.9,70.9,23.5,100.5,35.7c75.8,32.2,133.7,44.5,192.6,49.7\n\tc23.6,2.1,48.7,3.5,103.4-2.5c54.7-6,106.2-25.6,106.2-25.6V0H0v30.3c0,0,72,32.6,158.4,30.5c39.2-0.7,92.8-6.7,134-22.4\n\tc21.2-8.1,52.2-18.2,79.7-24.2C399.3,7.9,411.6,7.5,421.9,6.5z\"\/>\n<\/svg>\t\t<\/div>\n\t\t\t\t\t<div class=\"elementor-container elementor-column-gap-default\">\n\t\t\t\t\t\t\t<div class=\"elementor-row\">\n\t\t\t\t\t<div class=\"elementor-column elementor-col-100 elementor-top-column elementor-element elementor-element-2067fab7\" data-id=\"2067fab7\" data-element_type=\"column\">\n\t\t\t<div class=\"elementor-column-wrap elementor-element-populated\">\n\t\t\t\t\t\t\t<div class=\"elementor-widget-wrap\">\n\t\t\t\t\t\t<div class=\"elementor-element elementor-element-ffb2ade elementor-widget elementor-widget-heading\" data-id=\"ffb2ade\" data-element_type=\"widget\" data-widget_type=\"heading.default\">\n\t\t\t\t<div class=\"elementor-widget-container\">\n\t\t\t<h1 class=\"elementor-heading-title elementor-size-default\">Seguridad Inform\u00e1tica<\/h1>\t\t<\/div>\n\t\t\t\t<\/div>\n\t\t\t\t<div class=\"elementor-element elementor-element-502fef31 elementor-widget__width-initial elementor-fixed elementor-widget elementor-widget-button\" data-id=\"502fef31\" data-element_type=\"widget\" data-settings=\"{&quot;_position&quot;:&quot;fixed&quot;}\" data-widget_type=\"button.default\">\n\t\t\t\t<div class=\"elementor-widget-container\">\n\t\t\t\t\t<div class=\"elementor-button-wrapper\">\n\t\t\t<a href=\"http:\/\/webisis.es\/isis\/contacto\/\" class=\"elementor-button-link elementor-button elementor-size-md\" role=\"button\">\n\t\t\t\t\t\t<span class=\"elementor-button-content-wrapper\">\n\t\t\t\t\t\t<span class=\"elementor-button-icon elementor-align-icon-right\">\n\t\t\t\t<i aria-hidden=\"true\" class=\"fas fa-envelope\"><\/i>\t\t\t<\/span>\n\t\t\t\t\t\t<span class=\"elementor-button-text\"><\/span>\n\t\t<\/span>\n\t\t\t\t\t<\/a>\n\t\t<\/div>\n\t\t\t\t<\/div>\n\t\t\t\t<\/div>\n\t\t\t\t\t\t<\/div>\n\t\t\t\t\t<\/div>\n\t\t<\/div>\n\t\t\t\t\t\t\t\t<\/div>\n\t\t\t\t\t<\/div>\n\t\t<\/section>\n\t\t\t\t<section class=\"elementor-section elementor-top-section elementor-element elementor-element-22b02608 elementor-section-full_width elementor-section-height-default elementor-section-height-default\" data-id=\"22b02608\" data-element_type=\"section\">\n\t\t\t\t\t\t<div class=\"elementor-container elementor-column-gap-default\">\n\t\t\t\t\t\t\t<div class=\"elementor-row\">\n\t\t\t\t\t<div class=\"elementor-column elementor-col-50 elementor-top-column elementor-element elementor-element-27b59e11\" data-id=\"27b59e11\" data-element_type=\"column\">\n\t\t\t<div class=\"elementor-column-wrap elementor-element-populated\">\n\t\t\t\t\t\t\t<div class=\"elementor-widget-wrap\">\n\t\t\t\t\t\t<div class=\"elementor-element elementor-element-156c1d97 elementor-widget elementor-widget-image\" data-id=\"156c1d97\" data-element_type=\"widget\" data-widget_type=\"image.default\">\n\t\t\t\t<div class=\"elementor-widget-container\">\n\t\t\t\t\t\t\t\t<div class=\"elementor-image\">\n\t\t\t\t\t\t\t\t\t\t\t\t<img width=\"800\" height=\"533\" src=\"https:\/\/webisis.es\/isis\/wp-content\/uploads\/2020\/10\/pexels-scott-webb-430208-1-1024x682.jpg\" class=\"attachment-large size-large\" alt=\"\" loading=\"lazy\" srcset=\"https:\/\/webisis.es\/isis\/wp-content\/uploads\/2020\/10\/pexels-scott-webb-430208-1-1024x682.jpg 1024w, https:\/\/webisis.es\/isis\/wp-content\/uploads\/2020\/10\/pexels-scott-webb-430208-1-300x200.jpg 300w, https:\/\/webisis.es\/isis\/wp-content\/uploads\/2020\/10\/pexels-scott-webb-430208-1-768x512.jpg 768w, https:\/\/webisis.es\/isis\/wp-content\/uploads\/2020\/10\/pexels-scott-webb-430208-1.jpg 1280w\" sizes=\"(max-width: 800px) 100vw, 800px\" \/>\t\t\t\t\t\t\t\t\t\t\t\t\t\t<\/div>\n\t\t\t\t\t\t<\/div>\n\t\t\t\t<\/div>\n\t\t\t\t\t\t<\/div>\n\t\t\t\t\t<\/div>\n\t\t<\/div>\n\t\t\t\t<div class=\"elementor-column elementor-col-50 elementor-top-column elementor-element elementor-element-1726a190\" data-id=\"1726a190\" data-element_type=\"column\">\n\t\t\t<div class=\"elementor-column-wrap elementor-element-populated\">\n\t\t\t\t\t\t\t<div class=\"elementor-widget-wrap\">\n\t\t\t\t\t\t<div class=\"elementor-element elementor-element-2d2b987b elementor-widget elementor-widget-heading\" data-id=\"2d2b987b\" data-element_type=\"widget\" data-widget_type=\"heading.default\">\n\t\t\t\t<div class=\"elementor-widget-container\">\n\t\t\t<h2 class=\"elementor-heading-title elementor-size-default\">CCTV<\/h2>\t\t<\/div>\n\t\t\t\t<\/div>\n\t\t\t\t<div class=\"elementor-element elementor-element-18eb668d elementor-widget elementor-widget-text-editor\" data-id=\"18eb668d\" data-element_type=\"widget\" data-widget_type=\"text-editor.default\">\n\t\t\t\t<div class=\"elementor-widget-container\">\n\t\t\t\t\t\t\t\t<div class=\"elementor-text-editor elementor-clearfix\">\n\t\t\t\t<div id=\"panel-2837-4-0-0\" class=\"so-panel widget widget_sow-headline panel-first-child\" data-index=\"5\"><div class=\"so-widget-sow-headline so-widget-sow-headline-default-c5d3074f264f\"><div class=\"sow-headline-container \"><p class=\"sow-sub-headline\">Soluciones de video vigilancia mediante circuito cerrado de TV, con c\u00e1maras equipadas con los m\u00e1s avanzados chipsets. Soluciones completas para interiores y exteriores, con servidores de v\u00eddeo, dispositivos de grabaci\u00f3n\/reproducci\u00f3n DVR y avanzado software de gesti\u00f3n. Todo ello con una completa gama de accesorios para cualquier aplicaci\u00f3n y un soporte t\u00e9cnico especializado.<\/p><\/div><\/div><\/div>\t\t\t\t\t<\/div>\n\t\t\t\t\t\t<\/div>\n\t\t\t\t<\/div>\n\t\t\t\t\t\t<\/div>\n\t\t\t\t\t<\/div>\n\t\t<\/div>\n\t\t\t\t\t\t\t\t<\/div>\n\t\t\t\t\t<\/div>\n\t\t<\/section>\n\t\t\t\t<section class=\"elementor-section elementor-top-section elementor-element elementor-element-c319f36 elementor-section-full_width elementor-section-height-default elementor-section-height-default\" data-id=\"c319f36\" data-element_type=\"section\">\n\t\t\t\t\t\t<div class=\"elementor-container elementor-column-gap-default\">\n\t\t\t\t\t\t\t<div class=\"elementor-row\">\n\t\t\t\t\t<div class=\"elementor-column elementor-col-50 elementor-top-column elementor-element elementor-element-481610c\" data-id=\"481610c\" data-element_type=\"column\">\n\t\t\t<div class=\"elementor-column-wrap elementor-element-populated\">\n\t\t\t\t\t\t\t<div class=\"elementor-widget-wrap\">\n\t\t\t\t\t\t<div class=\"elementor-element elementor-element-cad9288 elementor-widget elementor-widget-heading\" data-id=\"cad9288\" data-element_type=\"widget\" data-widget_type=\"heading.default\">\n\t\t\t\t<div class=\"elementor-widget-container\">\n\t\t\t<h2 class=\"elementor-heading-title elementor-size-default\">Videovigilancia IP<\/h2>\t\t<\/div>\n\t\t\t\t<\/div>\n\t\t\t\t<div class=\"elementor-element elementor-element-554b55a elementor-widget elementor-widget-text-editor\" data-id=\"554b55a\" data-element_type=\"widget\" data-widget_type=\"text-editor.default\">\n\t\t\t\t<div class=\"elementor-widget-container\">\n\t\t\t\t\t\t\t\t<div class=\"elementor-text-editor elementor-clearfix\">\n\t\t\t\t<p class=\"sow-sub-headline\">Todo lo que necesitas para instalar una completa red de videovigilancia IP tanto en interiores como en exteriores. C\u00e1maras IP fijas con las \u00faltimas tecnolog\u00edas integradas, en modelos Domo, Box, Bullet, etc., y todos los accesorios y complementos para su integraci\u00f3n. Sistemas de almacenamiento NVR de altas prestaciones con potente software y un experto soporte t\u00e9cnico preventa y postventa.<\/p>\t\t\t\t\t<\/div>\n\t\t\t\t\t\t<\/div>\n\t\t\t\t<\/div>\n\t\t\t\t\t\t<\/div>\n\t\t\t\t\t<\/div>\n\t\t<\/div>\n\t\t\t\t<div class=\"elementor-column elementor-col-50 elementor-top-column elementor-element elementor-element-a169067\" data-id=\"a169067\" data-element_type=\"column\">\n\t\t\t<div class=\"elementor-column-wrap elementor-element-populated\">\n\t\t\t\t\t\t\t<div class=\"elementor-widget-wrap\">\n\t\t\t\t\t\t<div class=\"elementor-element elementor-element-08af6bf elementor-widget elementor-widget-image\" data-id=\"08af6bf\" data-element_type=\"widget\" data-widget_type=\"image.default\">\n\t\t\t\t<div class=\"elementor-widget-container\">\n\t\t\t\t\t\t\t\t<div class=\"elementor-image\">\n\t\t\t\t\t\t\t\t\t\t\t\t<img width=\"800\" height=\"551\" src=\"https:\/\/webisis.es\/isis\/wp-content\/uploads\/2020\/10\/abstract-2339623_1920-1024x705.jpg\" class=\"attachment-large size-large\" alt=\"\" loading=\"lazy\" srcset=\"https:\/\/webisis.es\/isis\/wp-content\/uploads\/2020\/10\/abstract-2339623_1920-1024x705.jpg 1024w, https:\/\/webisis.es\/isis\/wp-content\/uploads\/2020\/10\/abstract-2339623_1920-300x207.jpg 300w, https:\/\/webisis.es\/isis\/wp-content\/uploads\/2020\/10\/abstract-2339623_1920-768x529.jpg 768w, https:\/\/webisis.es\/isis\/wp-content\/uploads\/2020\/10\/abstract-2339623_1920-1536x1058.jpg 1536w, https:\/\/webisis.es\/isis\/wp-content\/uploads\/2020\/10\/abstract-2339623_1920.jpg 1920w\" sizes=\"(max-width: 800px) 100vw, 800px\" \/>\t\t\t\t\t\t\t\t\t\t\t\t\t\t<\/div>\n\t\t\t\t\t\t<\/div>\n\t\t\t\t<\/div>\n\t\t\t\t\t\t<\/div>\n\t\t\t\t\t<\/div>\n\t\t<\/div>\n\t\t\t\t\t\t\t\t<\/div>\n\t\t\t\t\t<\/div>\n\t\t<\/section>\n\t\t\t\t<section class=\"elementor-section elementor-top-section elementor-element elementor-element-049b019 elementor-section-full_width elementor-section-height-default elementor-section-height-default\" data-id=\"049b019\" data-element_type=\"section\">\n\t\t\t\t\t\t<div class=\"elementor-container elementor-column-gap-default\">\n\t\t\t\t\t\t\t<div class=\"elementor-row\">\n\t\t\t\t\t<div class=\"elementor-column elementor-col-50 elementor-top-column elementor-element elementor-element-45039fb\" data-id=\"45039fb\" data-element_type=\"column\">\n\t\t\t<div class=\"elementor-column-wrap elementor-element-populated\">\n\t\t\t\t\t\t\t<div class=\"elementor-widget-wrap\">\n\t\t\t\t\t\t<div class=\"elementor-element elementor-element-33d93ee elementor-widget elementor-widget-image\" data-id=\"33d93ee\" data-element_type=\"widget\" data-widget_type=\"image.default\">\n\t\t\t\t<div class=\"elementor-widget-container\">\n\t\t\t\t\t\t\t\t<div class=\"elementor-image\">\n\t\t\t\t\t\t\t\t\t\t\t\t<img width=\"640\" height=\"426\" src=\"https:\/\/webisis.es\/isis\/wp-content\/uploads\/2020\/10\/eye-2771174_640.jpg\" class=\"attachment-large size-large\" alt=\"\" loading=\"lazy\" srcset=\"https:\/\/webisis.es\/isis\/wp-content\/uploads\/2020\/10\/eye-2771174_640.jpg 640w, https:\/\/webisis.es\/isis\/wp-content\/uploads\/2020\/10\/eye-2771174_640-300x200.jpg 300w\" sizes=\"(max-width: 640px) 100vw, 640px\" \/>\t\t\t\t\t\t\t\t\t\t\t\t\t\t<\/div>\n\t\t\t\t\t\t<\/div>\n\t\t\t\t<\/div>\n\t\t\t\t\t\t<\/div>\n\t\t\t\t\t<\/div>\n\t\t<\/div>\n\t\t\t\t<div class=\"elementor-column elementor-col-50 elementor-top-column elementor-element elementor-element-b89a7b9\" data-id=\"b89a7b9\" data-element_type=\"column\">\n\t\t\t<div class=\"elementor-column-wrap elementor-element-populated\">\n\t\t\t\t\t\t\t<div class=\"elementor-widget-wrap\">\n\t\t\t\t\t\t<div class=\"elementor-element elementor-element-65a0d3d elementor-widget elementor-widget-heading\" data-id=\"65a0d3d\" data-element_type=\"widget\" data-widget_type=\"heading.default\">\n\t\t\t\t<div class=\"elementor-widget-container\">\n\t\t\t<h2 class=\"elementor-heading-title elementor-size-default\">Control de Acceso<\/h2>\t\t<\/div>\n\t\t\t\t<\/div>\n\t\t\t\t<div class=\"elementor-element elementor-element-6f74df6 elementor-widget elementor-widget-text-editor\" data-id=\"6f74df6\" data-element_type=\"widget\" data-widget_type=\"text-editor.default\">\n\t\t\t\t<div class=\"elementor-widget-container\">\n\t\t\t\t\t\t\t\t<div class=\"elementor-text-editor elementor-clearfix\">\n\t\t\t\t<p class=\"sow-sub-headline\">Sistemas completos stand alone o en red LAN para control de accesos y\/o gesti\u00f3n de presencia mono o multisede, con potente y amigable software de gesti\u00f3n. La m\u00e1s amplia gama, con lectores biom\u00e9tricos, con tarjeta, teclado, Mifare, HID, etc.<\/p>\t\t\t\t\t<\/div>\n\t\t\t\t\t\t<\/div>\n\t\t\t\t<\/div>\n\t\t\t\t\t\t<\/div>\n\t\t\t\t\t<\/div>\n\t\t<\/div>\n\t\t\t\t\t\t\t\t<\/div>\n\t\t\t\t\t<\/div>\n\t\t<\/section>\n\t\t\t\t\t\t<\/div>\n\t\t\t\t\t\t<\/div>\n\t\t\t\t\t<\/div>\n\t\t","protected":false},"excerpt":{"rendered":"<p>Seguridad Inform\u00e1tica CCTV Soluciones de video vigilancia mediante circuito cerrado de TV, con c\u00e1maras equipadas con los m\u00e1s avanzados chipsets. Soluciones completas para interiores y exteriores, con servidores de v\u00eddeo, dispositivos de grabaci\u00f3n\/reproducci\u00f3n DVR y avanzado software de gesti\u00f3n. Todo ello con una completa gama de accesorios para cualquier aplicaci\u00f3n y un soporte t\u00e9cnico especializado. [&hellip;]<\/p>\n","protected":false},"author":1,"featured_media":0,"parent":986,"menu_order":0,"comment_status":"closed","ping_status":"closed","template":"elementor_header_footer","meta":[],"yoast_head":"<!-- This site is optimized with the Yoast SEO plugin v18.0 - https:\/\/yoast.com\/wordpress\/plugins\/seo\/ -->\n<title>Seguridad Inform\u00e1tica - IsInform\u00e1tica<\/title>\n<meta name=\"robots\" content=\"index, follow, max-snippet:-1, max-image-preview:large, max-video-preview:-1\" \/>\n<link rel=\"canonical\" href=\"https:\/\/webisis.es\/isis\/redes\/servicios\/seguridad-informatica\/\" \/>\n<meta property=\"og:locale\" content=\"es_ES\" \/>\n<meta property=\"og:type\" content=\"article\" \/>\n<meta property=\"og:title\" content=\"Seguridad Inform\u00e1tica - IsInform\u00e1tica\" \/>\n<meta property=\"og:description\" content=\"Seguridad Inform\u00e1tica CCTV Soluciones de video vigilancia mediante circuito cerrado de TV, con c\u00e1maras equipadas con los m\u00e1s avanzados chipsets. Soluciones completas para interiores y exteriores, con servidores de v\u00eddeo, dispositivos de grabaci\u00f3n\/reproducci\u00f3n DVR y avanzado software de gesti\u00f3n. Todo ello con una completa gama de accesorios para cualquier aplicaci\u00f3n y un soporte t\u00e9cnico especializado. [&hellip;]\" \/>\n<meta property=\"og:url\" content=\"https:\/\/webisis.es\/isis\/redes\/servicios\/seguridad-informatica\/\" \/>\n<meta property=\"og:site_name\" content=\"IsInform\u00e1tica\" \/>\n<meta property=\"article:modified_time\" content=\"2020-10-27T09:23:54+00:00\" \/>\n<meta property=\"og:image\" content=\"http:\/\/webisis.es\/isis\/wp-content\/uploads\/2020\/10\/pexels-scott-webb-430208-1-1024x682.jpg\" \/>\n<meta name=\"twitter:card\" content=\"summary_large_image\" \/>\n<meta name=\"twitter:label1\" content=\"Tiempo de lectura\" \/>\n\t<meta name=\"twitter:data1\" content=\"1 minuto\" \/>\n<script type=\"application\/ld+json\" class=\"yoast-schema-graph\">{\"@context\":\"https:\/\/schema.org\",\"@graph\":[{\"@type\":\"WebSite\",\"@id\":\"http:\/\/webisis.es\/isis\/#website\",\"url\":\"http:\/\/webisis.es\/isis\/\",\"name\":\"IsInform\u00e1tica\",\"description\":\"Agencia de Marketing Digital\",\"potentialAction\":[{\"@type\":\"SearchAction\",\"target\":{\"@type\":\"EntryPoint\",\"urlTemplate\":\"http:\/\/webisis.es\/isis\/?s={search_term_string}\"},\"query-input\":\"required name=search_term_string\"}],\"inLanguage\":\"es\"},{\"@type\":\"ImageObject\",\"@id\":\"https:\/\/webisis.es\/isis\/redes\/servicios\/seguridad-informatica\/#primaryimage\",\"inLanguage\":\"es\",\"url\":\"http:\/\/webisis.es\/isis\/wp-content\/uploads\/2020\/10\/pexels-scott-webb-430208-1-1024x682.jpg\",\"contentUrl\":\"http:\/\/webisis.es\/isis\/wp-content\/uploads\/2020\/10\/pexels-scott-webb-430208-1-1024x682.jpg\"},{\"@type\":\"WebPage\",\"@id\":\"https:\/\/webisis.es\/isis\/redes\/servicios\/seguridad-informatica\/#webpage\",\"url\":\"https:\/\/webisis.es\/isis\/redes\/servicios\/seguridad-informatica\/\",\"name\":\"Seguridad Inform\u00e1tica - IsInform\u00e1tica\",\"isPartOf\":{\"@id\":\"http:\/\/webisis.es\/isis\/#website\"},\"primaryImageOfPage\":{\"@id\":\"https:\/\/webisis.es\/isis\/redes\/servicios\/seguridad-informatica\/#primaryimage\"},\"datePublished\":\"2020-10-19T08:43:33+00:00\",\"dateModified\":\"2020-10-27T09:23:54+00:00\",\"breadcrumb\":{\"@id\":\"https:\/\/webisis.es\/isis\/redes\/servicios\/seguridad-informatica\/#breadcrumb\"},\"inLanguage\":\"es\",\"potentialAction\":[{\"@type\":\"ReadAction\",\"target\":[\"https:\/\/webisis.es\/isis\/redes\/servicios\/seguridad-informatica\/\"]}]},{\"@type\":\"BreadcrumbList\",\"@id\":\"https:\/\/webisis.es\/isis\/redes\/servicios\/seguridad-informatica\/#breadcrumb\",\"itemListElement\":[{\"@type\":\"ListItem\",\"position\":1,\"name\":\"Portada\",\"item\":\"http:\/\/webisis.es\/isis\/\"},{\"@type\":\"ListItem\",\"position\":2,\"name\":\"Redes\",\"item\":\"https:\/\/webisis.es\/isis\/redes\/\"},{\"@type\":\"ListItem\",\"position\":3,\"name\":\"Servicios\",\"item\":\"https:\/\/webisis.es\/isis\/redes\/servicios\/\"},{\"@type\":\"ListItem\",\"position\":4,\"name\":\"Seguridad Inform\u00e1tica\"}]}]}<\/script>\n<!-- \/ Yoast SEO plugin. -->","yoast_head_json":{"title":"Seguridad Inform\u00e1tica - IsInform\u00e1tica","robots":{"index":"index","follow":"follow","max-snippet":"max-snippet:-1","max-image-preview":"max-image-preview:large","max-video-preview":"max-video-preview:-1"},"canonical":"https:\/\/webisis.es\/isis\/redes\/servicios\/seguridad-informatica\/","og_locale":"es_ES","og_type":"article","og_title":"Seguridad Inform\u00e1tica - IsInform\u00e1tica","og_description":"Seguridad Inform\u00e1tica CCTV Soluciones de video vigilancia mediante circuito cerrado de TV, con c\u00e1maras equipadas con los m\u00e1s avanzados chipsets. Soluciones completas para interiores y exteriores, con servidores de v\u00eddeo, dispositivos de grabaci\u00f3n\/reproducci\u00f3n DVR y avanzado software de gesti\u00f3n. Todo ello con una completa gama de accesorios para cualquier aplicaci\u00f3n y un soporte t\u00e9cnico especializado. [&hellip;]","og_url":"https:\/\/webisis.es\/isis\/redes\/servicios\/seguridad-informatica\/","og_site_name":"IsInform\u00e1tica","article_modified_time":"2020-10-27T09:23:54+00:00","og_image":[{"url":"http:\/\/webisis.es\/isis\/wp-content\/uploads\/2020\/10\/pexels-scott-webb-430208-1-1024x682.jpg"}],"twitter_card":"summary_large_image","twitter_misc":{"Tiempo de lectura":"1 minuto"},"schema":{"@context":"https:\/\/schema.org","@graph":[{"@type":"WebSite","@id":"http:\/\/webisis.es\/isis\/#website","url":"http:\/\/webisis.es\/isis\/","name":"IsInform\u00e1tica","description":"Agencia de Marketing Digital","potentialAction":[{"@type":"SearchAction","target":{"@type":"EntryPoint","urlTemplate":"http:\/\/webisis.es\/isis\/?s={search_term_string}"},"query-input":"required name=search_term_string"}],"inLanguage":"es"},{"@type":"ImageObject","@id":"https:\/\/webisis.es\/isis\/redes\/servicios\/seguridad-informatica\/#primaryimage","inLanguage":"es","url":"http:\/\/webisis.es\/isis\/wp-content\/uploads\/2020\/10\/pexels-scott-webb-430208-1-1024x682.jpg","contentUrl":"http:\/\/webisis.es\/isis\/wp-content\/uploads\/2020\/10\/pexels-scott-webb-430208-1-1024x682.jpg"},{"@type":"WebPage","@id":"https:\/\/webisis.es\/isis\/redes\/servicios\/seguridad-informatica\/#webpage","url":"https:\/\/webisis.es\/isis\/redes\/servicios\/seguridad-informatica\/","name":"Seguridad Inform\u00e1tica - IsInform\u00e1tica","isPartOf":{"@id":"http:\/\/webisis.es\/isis\/#website"},"primaryImageOfPage":{"@id":"https:\/\/webisis.es\/isis\/redes\/servicios\/seguridad-informatica\/#primaryimage"},"datePublished":"2020-10-19T08:43:33+00:00","dateModified":"2020-10-27T09:23:54+00:00","breadcrumb":{"@id":"https:\/\/webisis.es\/isis\/redes\/servicios\/seguridad-informatica\/#breadcrumb"},"inLanguage":"es","potentialAction":[{"@type":"ReadAction","target":["https:\/\/webisis.es\/isis\/redes\/servicios\/seguridad-informatica\/"]}]},{"@type":"BreadcrumbList","@id":"https:\/\/webisis.es\/isis\/redes\/servicios\/seguridad-informatica\/#breadcrumb","itemListElement":[{"@type":"ListItem","position":1,"name":"Portada","item":"http:\/\/webisis.es\/isis\/"},{"@type":"ListItem","position":2,"name":"Redes","item":"https:\/\/webisis.es\/isis\/redes\/"},{"@type":"ListItem","position":3,"name":"Servicios","item":"https:\/\/webisis.es\/isis\/redes\/servicios\/"},{"@type":"ListItem","position":4,"name":"Seguridad Inform\u00e1tica"}]}]}},"_links":{"self":[{"href":"https:\/\/webisis.es\/isis\/wp-json\/wp\/v2\/pages\/1057"}],"collection":[{"href":"https:\/\/webisis.es\/isis\/wp-json\/wp\/v2\/pages"}],"about":[{"href":"https:\/\/webisis.es\/isis\/wp-json\/wp\/v2\/types\/page"}],"author":[{"embeddable":true,"href":"https:\/\/webisis.es\/isis\/wp-json\/wp\/v2\/users\/1"}],"replies":[{"embeddable":true,"href":"https:\/\/webisis.es\/isis\/wp-json\/wp\/v2\/comments?post=1057"}],"version-history":[{"count":0,"href":"https:\/\/webisis.es\/isis\/wp-json\/wp\/v2\/pages\/1057\/revisions"}],"up":[{"embeddable":true,"href":"https:\/\/webisis.es\/isis\/wp-json\/wp\/v2\/pages\/986"}],"wp:attachment":[{"href":"https:\/\/webisis.es\/isis\/wp-json\/wp\/v2\/media?parent=1057"}],"curies":[{"name":"wp","href":"https:\/\/api.w.org\/{rel}","templated":true}]}}